 13*a**2 + 29*a - 14. What is l(-15)?
1
Let b(c) = 3*c**2 - 21*c + 50. Calculate b(10).
140
Let c(v) = 33*v + 102. Determine c(-3).
3
Let y(h) = -h**3 - h**2 - 2*h. Calculate y(-2).
8
Let k(u) = -3*u**3 + 18*u**2 - 23*u + 10. Determine k(5).
-30
Let a(v) = 77*v - 748. Determine a(13).
253
Let t(s) = -2*s**2 - 193*s - 2036. Determine t(-12).
-8
Let y(w) = -2*w**3 + 23*w - 17. Give y(-5).
118
Let i(u) = -10*u**2 + 281*u - 52. Give i(26).
494
Let n(a) = 220*a - 212. Calculate n(1).
8
Let k(i) = -i**3 + 41*i**2 + 282*i - 11. Give k(47).
-11
Let u(p) = -44*p - 2939. Calculate u(-50).
-739
Let f(r) = r**3 + 23*r**2 + 9*r + 77. Determine f(-23).
-130
Let u(y) = 4*y**3 - 125*y**2 - 523*y - 76. Determine u(35).
-6
Let i(l) = -90*l + 89. Give i(1).
-1
Let q(v) = v**3 - 9*v**2 + 186*v - 1667. Determine q(9).
7
Let l(w) = 8*w**2 - 122*w - 69. Determine l(16).
27
Let d(o) = -220*o - 5951. Determine d(-27).
-11
Let i(q) = -11*q**2 - 92*q - 36. Give i(-8).
-4
Let j(l) = -4*l**3 + 212*l**2 - 211*l + 178. Calculate j(52).
22
Let b(k) = 211*k**2 - 1269*k + 12. Calculate b(6).
-6
Let m(o) = o**3 - 77*o**2 - 700*o + 1688. Determine m(85).
-12
Let r(q) = 886*q + 4429. Determine r(-5).
-1
Let c(q) = 6*q - 184. Calculate c(8).
-136
Let s(a) = 69*a**2 - 2978*a + 479. Calculate s(43).
6
Let p(c) = -5*c**2 - 93*c + 702. Give p(6).
-36
Let a(s) = 2*s**3 + 19*s**2 + 5*s + 58. Determine a(-10).
-92
Let n(c) = -11*c**2 + 84*c - 39. Determine n(8).
-71
Let j(v) = 159*v**2 + 1750*v + 8. Calculate j(-11).
-3
Let s(z) = 46*z**2 - 2300*z - 83. Determine s(50).
-83
Let v(w) = 1333*w - 3989. What is v(3)?
10
Let j(d) = -d**3 + 19*d**2 + 45*d - 44. Calculate j(22).
-506
Let a(j) = -j**3 + 28*j**2 - 51*j - 1089. What is a(24)?
-9
Let r(s) = s**3 - 53*s**2 + 395*s + 13. What is r(9)?
4
Let x(k) = 44*k**2 - 67*k - 66. What is x(-1)?
45
Let v(s) = -5415*s + 238266. What is v(44)?
6
Let s(n) = -11*n**2 - 25*n + 44. Give s(2).
-50
Let s(b) = -254*b + 4357. Give s(18).
-215
Let o(z) = -6*z**3 - 215*z**2 + 38*z + 16. Calculate o(-36).
-56
Let c(r) = -r**2 + 43*r - 466. Calculate c(21).
-4
Let r(a) = -61*a + 304. Calculate r(5).
-1
Let y(v) = -v**2 + 411*v - 36534. Calculate y(281).
-4
Let h(l) = -7*l - 147. Calculate h(-16).
-35
Let c(r) = -9*r**3 + 22*r**2 - 5*r. What is c(4)?
-244
Let s(v) = 3*v**2 + 87*v - 298. Calculate s(-32).
-10
Let o(t) = -t**3 + 45*t**2 + 2*t - 80. Calculate o(45).
10
Let k(s) = -s**3 + 7*s**2 - 39*s + 192. What is k(6)?
-6
Let n(x) = x**2 + 89*x + 1824. What is n(-66)?
306
Let w(s) = 15*s + 666. Determine w(-23).
321
Let v(b) = 40*b + 2407. Calculate v(-79).
-753
Let k(p) = -p**3 + 5*p**2 + 8*p - 19. Give k(6).
-7
Let a(x) = -12*x**2 - 31*x + 58. Calculate a(2).
-52
Let p(d) = d**3 + 42*d**2 + 74*d - 273. Give p(-40).
-33
Let v(p) = p**3 - 4*p**2 + 10*p - 6. Give v(6).
126
Let r(a) = 493*a + 71980. What is r(-146)?
2
Let w(g) = -10*g + 90. What is w(-9)?
180
Let t(a) = 292*a + 7591. Give t(-26).
-1
Let a(o) = -o**2 + 346*o - 20316. Give a(271).
9
Let o(l) = 2*l**3 + 70*l**2 + 5*l + 174. What is o(-35)?
-1
Let w(k) = k**3 - 32*k**2 + 24*k - 9. Determine w(31).
-226
Let t(a) = -4*a**3 + 111*a**2 - 83*a + 49. What is t(27)?
-5
Let w(a) = a**2 + 13*a - 20. What is w(-17)?
48
Let b(v) = 2*v + 39. Determine b(-10).
19
Let m(r) = r**2 + 217*r - 2036. What is m(9)?
-2
Let s(h) = -2*h**3 + 20*h**2 - 25*h + 109. Calculate s(10).
-141
Let m(p) = 2794*p + 33534. Calculate m(-12).
6
Let u(q) = -q**3 + 15*q**2 - 284*q + 9641. Determine u(22).
5
Let w(h) = h**2 + 100*h - 1995. Determine w(-117).
-6
Let a(l) = 1500*l + 7497. Give a(-5).
-3
Let f(p) = -3*p**3 + 14*p**2 - 67*p + 238. Determine f(4).
2
Let i(k) = 2*k**3 - 60*k**2 + 64*k - 158. Determine i(29).
16
Let k(v) = 12*v**2 + 7*v - 1. Calculate k(1).
18
Let p(c) = 9631*c - 182998. What is p(19)?
-9
Let r(d) = -4548*d - 13636. What is r(-3)?
8
Let h(l) = 16*l + 279. Determine h(-17).
7
Let a(h) = -h**3 - 23*h**2 - 89*h + 79. Determine a(-17).
-142
Let c(v) = 7*v**2 + 5*v - 2. Determine c(-2).
16
Let m(t) = t**3 - 16*t**2 - 110*t + 94. Determine m(21).
-11
Let d(x) = 5*x - 96. Calculate d(27).
39
Let f(n) = 13*n - 47. Determine f(26).
291
Let y(c) = 2*c**3 - 4*c + 43. Calculate y(0).
43
Let v(u) = -97*u + 278. What is v(2)?
84
Let r(m) = -67*m**2 + 12*m + 35. Determine r(-2).
-257
Let u(t) = -t - 60. Give u(18).
-78
Let b(k) = 116591*k - 466367. Give b(4).
-3
Let b(o) = o**3 - 7*o**2 - 31*o + 189. Determine b(6).
-33
Let s(c) = -51*c - 259. Give s(-9).
200
Let f(x) = x**3 + 80*x**2 + 815*x - 56. Determine f(-68).
12
Let n(w) = -21*w**3 - 28*w**2 + 22*w + 5. Give n(1).
-22
Let y(h) = 76*h - 81. Calculate y(1).
-5
Let g(p) = -59*p**3 + 14*p**2 + 2*p - 17. Determine g(1).
-60
Let d(y) = 3*y**3 - 18*y**2 - 27*y + 204. Determine d(8).
372
Let t(l) = -45*l - 857. Calculate t(-19).
-2
Let a(d) = d + 38. Give a(31).
69
Let r(h) = -100*h + 1307. Give r(13).
7
Let p(n) = -3*n**2 - 49*n - 92. What is p(-2)?
-6
Let p(c) = 2*c**2 + 59*c + 232. Calculate p(-4).
28
Let l(h) = -3*h**2 - 56*h + 209. Calculate l(-22).
-11
Let d(r) = r**3 - 6*r**2 - 34*r - 44. Give d(11).
187
Let r(c) = c**3 + 36*c**2 + 320*c + 1549. What is r(-26)?
-11
Let d(g) = -79*g + 1214. Calculate d(16).
-50
Let t(l) = -79*l + 4413. Determine t(57).
-90
Let b(z) = 2*z**2 - 40*z - 4045. Give b(56).
-13
Let z(p) = p**3 - 98*p**2 + 6*p - 10387. What is z(99)?
8
Let d(s) = 173*s**2 + 2420*s + 11. Give d(-14).
39
Let v(p) = p**3 - 2*p**2 + 2*p + 2. Determine v(1).
3
Let o(t) = -3*t**3 - 134*t**2 + 67*t + 1025. Calculate o(-45).
35
Let b(h) = -h**3 - 30*h**2 - 164*h + 15. What is b(-10)?
-345
Let o(z) = -z**2 + 155*z + 4089. What is o(178)?
-5
Let x(g) = -36*g + 260. Determine x(7).
8
Let x(p) = p**3 + 59*p**2 + 166*p - 99. Give x(-56).
13
Let x(c) = 35*c - 7. Determine x(3).
98
Let o(w) = w**2 - 51*w - 371. Calculate o(-6).
-29
Let i(d) = -d**2 + 8*d + 150. Give i(17).
-3
Let c(r) = -12*r**2 - 134*r - 14. What is c(-11)?
8
Let i(n) = 19*n - 96. Calculate i(5).
-1
Let a(n) = 2*n**2 + 122*n + 100. What is a(-60)?
-20
Let q(a) = a**3 + 2*a**2 - 183. Determine q(0).
-183
Let h(g) = 31*g**3 + 3*g**2 + g - 2. What is h(1)?
33
Let n(m) = 2*m**2 + 601*m + 2412. Calculate n(-4).
40
Let l(h) = 13*h + 246. Calculate l(-18).
12
Let d(k) = -1063*k - 1142. Calculate d(-1).
-79
Let h(r) = r - 51. What is h(55)?
4
Let s(u) = -u**2 + 243*u - 7284. Give s(208).
-4
Let p(l) = 10*l**2 + 14*l - 37. What is p(4)?
179
Let h(m) = 3*m**2 + 30*m + 132. Give h(-7).
69
Let z(j) = -j**3 + 15*j**2 - 66*j + 57. Determine z(7).
-13
Let l(w) = -w**3 - 20*w**2 - 42*w - 43. Calculate l(-18).
65
Let g(y) = 18*y**3 + 2*y**2 + 19*y + 16. Give g(-1).
-19
Let h(q) = -q**2 + 20. Determine h(4).
4
Let w(m) = -m**2 + 26*m + 96. What is w(-3)?
9
Let i(t) = 45*t**2 + 11*t - 37. Calculate i(1).
19
Let q(t) = -t**3 - 5*t**2 + 4*t + 20. What is q(0)?
20
Let o(a) = 179*a**2 - 1. What is o(-1)?
178
Let d(u) = 639*u + 7653. Give d(-12).
-15
Let i(d) = -d**3 - 2*d**2 - 15*d - 17. What is i(-3)?
37
Let p(u) = -u**3 + 30*u**2 + 37*u - 134. Determine p(31).
52
Let o(g) = g**3 + 32*g**2 + 3*g + 104. Determine o(-32).
8
Let f(m) = 674*m - 8751. Give f(13).
11
Let o(h) = -h**3 + 11*h**2 - 199*h - 1027. What is o(-4)?
9
Let i(n) = -23*n + 2815. Determine i(119).
78
Let c(z) = z**2 - 98*z + 1620. Give c(77).
3
Let z(b) = b**3 + 13*b**2 + 31*b. What is z(-9)?
45
Let g(a) = 73*a**2 - 17*a + 49. Give g(3).
655
Let d(b) = b**3 + 4*b**2 - 2. Give d(-1).
1
Let j(b) = -b**2 + 191*b + 580. Give j(-3).
-2
Let r(f) = -102*f + 919. Calculate r(9).
1
Let a(r) = -141*r - 445. Calculate a(-3).
-22
Let n(i) = 5*i**3 + 41*i**2 + 40*i + 21. Calculate n(-6).
177
Let n(z) = -z**3 - 9*z**2 + 35*z + 3. Give n(-11).
-140
Let s(h) = -h**3 + 59*h**2 + 694*h + 28. What is s(-10)?
-12
Let b(u) = 8*u - 114. Calculate b(5).
-74
Let i(l) = l**3 + 57*l**2 - 109*l + 33. Calculate i(-59).
-498
Let m(f) = 3*f**3 + 20*f**2 + 22*f - 15. Determine m(-2).
-3
Let v(b) = -b**3 - 5*b**2 - 2*b - 25. Give v(0).
-25
Let y(w) = -w**3 + 14*w**2 + 6*w + 40. Give y(15).
-95
Let z(q) = -q**3 + 97*q**2 - 186*q - 305. What is z(95)?
75
Let d(n) = 27*n + 645. Determine d(-24).
-3
Let s(m) = m**2 - 404*m + 1606. Determine s(4).
6
Let p(t) = -t**3 - 94*t**2 + 31277*t - 685. Calcul